{"id":703,"date":"2020-06-03T11:46:10","date_gmt":"2020-06-03T09:46:10","guid":{"rendered":"https:\/\/boccalattetarantola.com\/?page_id=703"},"modified":"2020-06-05T12:04:30","modified_gmt":"2020-06-05T10:04:30","slug":"privacy-policy","status":"publish","type":"page","link":"https:\/\/boccalattetarantola.com\/index.php\/privacy-policy\/","title":{"rendered":"Privacy Policy"},"content":{"rendered":"\t\t<div data-elementor-type=\"wp-page\" data-elementor-id=\"703\" class=\"elementor elementor-703\">\n\t\t\t\t\t\t<section class=\"elementor-section elementor-top-section elementor-element elementor-element-63fbffe4 elementor-section-boxed elementor-section-height-default elementor-section-height-default\" data-id=\"63fbffe4\" data-element_type=\"section\" data-e-type=\"section\" data-settings=\"{&quot;background_background&quot;:&quot;gradient&quot;}\">\n\t\t\t\t\t\t<div class=\"elementor-container elementor-column-gap-default\">\n\t\t\t\t\t<div class=\"elementor-column elementor-col-100 elementor-top-column elementor-element elementor-element-9fa71f9\" data-id=\"9fa71f9\" data-element_type=\"column\" data-e-type=\"column\">\n\t\t\t<div class=\"elementor-widget-wrap elementor-element-populated\">\n\t\t\t\t\t\t<div class=\"elementor-element elementor-element-4309b13c elementor-widget elementor-widget-text-editor\" data-id=\"4309b13c\" data-element_type=\"widget\" data-e-type=\"widget\" data-widget_type=\"text-editor.default\">\n\t\t\t\t<div class=\"elementor-widget-container\">\n\t\t\t\t\t\t\t\t\t<p><\/p>\n<h2 class=\"wp-block-heading\">Privacy policy, cookie policy e informativa per il trattamento dei dati personali ai sensi dell\u2019art. 13 del Regolamento 2016\/679\/EU<\/h2>\n<h4>In questa pagina si descrivono le modalit\u00e0 di gestione del sito in riferimento al trattamento dei dati personali degli utenti che lo consultano.<\/h4>\n<h4>Si tratta di un&#8217;informativa che \u00e8 resa anche ai sensi dell&#8217;art. 13 Reg. 2016\/679\/EU.<\/h4>\n<h4>L&#8217;informativa \u00e8 resa solo per i siti www.boccalattetarantola.com e non anche per altri siti web eventualmente consultati dall&#8217;utente tramite link.<\/h4>\n<h4>Lo Studio Legale Boccalatte-Tarantola informa che nessuna registrazione viene richiesta dal sito www.boccalattetarantola.com per poter accedere ai contenuti.<\/h4>\n<h4>In ogni caso gli eventuali dati di contatto (es. e-mail spontanee) saranno trattati nel rispetto delle disposizioni del segreto professionale, del codice deontologico forense, del Codice in materia di protezione dei dati personali di cui al D.lgs. 196\/2003 (di seguito il &#8220;Codice&#8221;) e del Reg. 2016\/679\/EU e di essi non verr\u00e0 creato un database.<\/h4>\n<h2>Chi siamo<\/h2>\n<h4>L&#8217;indirizzo del nostro sito web \u00e8: https:\/\/www.boccalattetarantola.com.<\/h4>\n<h2>Titolare del trattamento e responsabile della protezione dei dati personali<\/h2>\n<h4>Titolare del trattamento \u00e8 lo Studio Legale Associato Boccalatte-Tarantola in persona degli avvocati Silvio Boccalatte e Lucia Tarantola (di seguito congiuntamente indicati anche come \u201cprofessionista\u201d) con domicilio eletto in Chiavari, Piazza Cavour, n. 13\/6. Il Titolare pu\u00f2 essere contattato mediante email all&#8217;indirizzo silv&#105;&#111;&#64;&#98;&#111;&#x63;&#x63;&#x61;&#x6c;&#x61;&#x74;&#x74;etar&#97;&#110;&#116;&#111;&#108;&#x61;&#x2e;&#x63;&#x6f;&#x6d; o mediante PEC all&#8217;indirizzo &#115;i&#108;v&#105;o&#x2e;b&#x6f;c&#x63;a&#x6c;a&#x74;t&#x65;&#64;&#x70;e&#x63;&#46;&#x73;t&#x75;&#100;&#x69;&#111;&#x62;&#111;&#x63;&#99;&#x61;&#108;&#x61;&#116;&#x74;&#101;&#x2e;&#105;&#x74;. Lo studio legale del Titolare non ha nominato un responsabile della protezione dei dati personali.<\/h4>\n<h2>Quali dati personali raccogliamo e perch\u00e9 li raccogliamo<\/h2>\n<h4>I sistemi informatici e le procedure software preposte al funzionamento di questo sito web acquisiscono, nel corso del loro normale esercizio, alcuni dati personali la cui trasmissione \u00e8 implicita nell\u2019uso dei protocolli di comunicazione di Internet.<\/h4>\n<h4>Si tratta di informazioni che non sono raccolte per essere associate a interessati identificati, ma che per loro stessa natura potrebbero, attraverso elaborazioni ed associazioni con dati detenuti da terzi, permettere di identificare gli utenti.<\/h4>\n<h4>In questa categoria di dati rientrano gli indirizzi IP o i nomi a dominio dei computer utilizzati dagli utenti che si connettono al sito, gli indirizzi in notazione URI (Uniform Resource Identifier) delle risorse richieste, l\u2019orario della richiesta, il metodo utilizzato nel sottoporre la richiesta al server, la dimensione del file ottenuto in risposta, il codice numerico indicante lo stato della risposta data dal server (buon fine, errore, ecc.) ed altri parametri relativi al sistema operativo e all\u2019ambiente informatico dell\u2019utente.<\/h4>\n<h4>Questi dati vengono utilizzati al solo fine di ricavare informazioni statistiche anonime sull\u2019uso del sito e per controllarne il corretto funzionamento e vengono cancellati immediatamente dopo l\u2019elaborazione. Salva questa eventualit\u00e0, in genere i dati sui contatti web non vengono conservati per pi\u00f9 di sette giorni.<\/h4>\n<h2>Dati forniti volontariamente dall\u2019utente<\/h2>\n<h3>Commenti<\/h3>\n<h4>L\u2019invio facoltativo, esplicito e volontario di posta elettronica agli indirizzi indicati su questo sito comporta per sua stessa natura la successiva acquisizione dell\u2019indirizzo del mittente, necessario per rispondere alle richieste, nonch\u00e9 degli eventuali altri dati personali inseriti nella missiva.<\/h4>\n<h4>Invitiamo i nostri utenti, nelle Loro richieste di servizi o nei Loro quesiti, a non inviare nominativi o altri dati personali di soggetti terzi che non siano strettamente necessari.<\/h4>\n<h3>Modulo di contatto ed email<\/h3>\n<h4>Compilando il modulo di contatto l\u2019utente:<\/h4>\n<ul>\n<li>\n<h4>comunica il proprio nome e cognome<\/h4>\n<\/li>\n<li>\n<h4>comunica l\u2019indirizzo email al quale vuole essere contattato<\/h4>\n<\/li>\n<li>\n<h4>scrive un messaggio da inviare a &#x63;&#x6f;&#x6e;&#116;&#97;tt&#x69;&#x40;&#x62;&#x6f;&#99;&#99;al&#x61;&#x74;&#x74;&#101;&#116;&#97;ra&#x6e;&#x74;&#x6f;&#108;&#97;&#46;c&#x6f;&#x6d;<\/h4>\n<\/li>\n<\/ul>\n<h4>L&#8217;invio facoltativo, esplicito e volontario di posta elettronica agli indirizzi indicati su questo sito e l\u2019utilizzo del modulo di contatto comporta la successiva acquisizione dell&#8217;indirizzo del mittente, necessario per rispondere alle richieste, nonch\u00e9 degli eventuali altri dati personali inseriti nella missiva.<\/h4>\n<h3>Cookie<\/h3>\n<h4>Per cookie s\u2019intende un elemento testuale che viene inserito nel disco fisso di un computer solo in seguito ad autorizzazione. Se si acconsente, il testo viene scaricato in un file di piccole dimensioni.<\/h4>\n<h4>I cookies hanno la funzione di snellire l\u2019analisi del traffico sul Web o di segnalare quando un sito specifico viene visitato e consentono alle applicazioni Web di inviare informazioni a singoli utenti.<\/h4>\n<h4>Per maggiori informazioni si rimanda alla specifica Cookie policy adottata dallo Studio Legale Associato Boccalatte-Tarantola disponibile al seguente link <span style=\"color: #ffff00;\"><a style=\"color: #ffff00;\" href=\"https:\/\/boccalattetarantola.com\/index.php\/cookie-policy\/\" target=\"_blank\" rel=\"noopener\">www.boccalattetarantola.com\/cookie-policy<\/a><\/span><\/h4>\n<h2>Luogo del trattamento<\/h2>\n<h4>Il sito web \u00e8 fisicamente posto \u201cin cloud housing\u201d presso <span style=\"color: #ffff00;\"><a style=\"color: #ffff00;\" href=\"http:\/\/www.hostinger.com\" target=\"_blank\" rel=\"noopener\">Hostinger<\/a>.<\/span><\/h4>\n<h4>I log di accesso alle pagine web del sito non sono a nostra disposizione, e per ogni questione al riguardo bisogna rivolgersi a Hostinger secondo la sua<span style=\"color: #ffff00;\"> <a style=\"color: #ffff00;\" href=\"https:\/\/www.hostinger.com\/privacy-policy\" target=\"_blank\" rel=\"noopener\">policy privacy<\/a>.<\/span><\/h4>\n<h4>I trattamenti connessi ai servizi web offerti da questo sito (come ad esempio email inviate direttamente ai link email presenti nelle pagine di presentazione o tramite il modulo di contatto) sono effettuati presso la sede dello Studio Legale Associato Boccalatte-Tarantola e sono curati solo dai suoi dipendenti e collaboratori.<\/h4>\n<h2>Base giuridica del trattamento<\/h2>\n<h4>Lo studio del professionista tratta i Suoi dati personali in quanto conferiti o mediante consenso espresso, costituito nell\u2019invio di dati volontariamente conferiti da Lei interagendo con il presente sito, oppure in quanto necessariamente conferiti in base ai protocolli di comunicazione di internet.<\/h4>\n<h2>Marchi e segni distintivi<\/h2>\n<h4>I vari marchi e segni distintivi riportati sul sito sono di propriet\u00e0 e\/o utilizzo dello Studio Legale Associato Boccalatte-Tarantola e l\u2019accesso al sito non consente all\u2019utente il diritto di utilizzare tali marchi e segni distintivi senza l\u2019autorizzazione scritta dei rispettivi e legittimi proprietari. Tutta la documentazione pubblicata sul sito \u00e8 protetta dai diritti di propriet\u00e0, in conformit\u00e0 alla normativa vigente in materia di tutela del diritto d\u2019autore applicabile. La documentazione, le immagini, i caratteri, la grafica, il software e altri contenuti del sito, nonch\u00e9 la presentazione e l\u2019elaborazione degli stessi, tutti i codici e format scripts per implementare il sito, sono di propriet\u00e0 e\/o utilizzo esclusivo dello Studio Legale Associato Boccalatte-Tarantola e sono tutelati dalla normativa applicabile.<\/h4>\n<p><\/p>\t\t\t\t\t\t\t\t<\/div>\n\t\t\t\t<\/div>\n\t\t\t\t\t<\/div>\n\t\t<\/div>\n\t\t\t\t\t<\/div>\n\t\t<\/section>\n\t\t\t\t<\/div>\n\t\t","protected":false},"excerpt":{"rendered":"<p>Privacy policy, cookie policy e informativa per il trattamento dei dati personali ai sensi dell\u2019art. 13 del Regolamento 2016\/679\/EU In questa pagina si descrivono le modalit\u00e0 di gestione del sito in riferimento al trattamento dei dati personali degli utenti che lo consultano. Si tratta di un&#8217;informativa che \u00e8 resa anche ai sensi dell&#8217;art. 13 Reg. [&hellip;]<\/p>\n","protected":false},"author":1,"featured_media":0,"parent":0,"menu_order":0,"comment_status":"closed","ping_status":"closed","template":"elementor_header_footer","meta":{"ocean_post_layout":"","ocean_both_sidebars_style":"","ocean_both_sidebars_content_width":0,"ocean_both_sidebars_sidebars_width":0,"ocean_sidebar":"","ocean_second_sidebar":"","ocean_disable_margins":"enable","ocean_add_body_class":"","ocean_shortcode_before_top_bar":"","ocean_shortcode_after_top_bar":"","ocean_shortcode_before_header":"","ocean_shortcode_after_header":"","ocean_has_shortcode":"","ocean_shortcode_after_title":"","ocean_shortcode_before_footer_widgets":"","ocean_shortcode_after_footer_widgets":"","ocean_shortcode_before_footer_bottom":"","ocean_shortcode_after_footer_bottom":"","ocean_display_top_bar":"default","ocean_display_header":"default","ocean_header_style":"","ocean_center_header_left_menu":"","ocean_custom_header_template":"","ocean_custom_logo":0,"ocean_custom_retina_logo":0,"ocean_custom_logo_max_width":0,"ocean_custom_logo_tablet_max_width":0,"ocean_custom_logo_mobile_max_width":0,"ocean_custom_logo_max_height":0,"ocean_custom_logo_tablet_max_height":0,"ocean_custom_logo_mobile_max_height":0,"ocean_header_custom_menu":"","ocean_menu_typo_font_family":"","ocean_menu_typo_font_subset":"","ocean_menu_typo_font_size":0,"ocean_menu_typo_font_size_tablet":0,"ocean_menu_typo_font_size_mobile":0,"ocean_menu_typo_font_size_unit":"px","ocean_menu_typo_font_weight":"","ocean_menu_typo_font_weight_tablet":"","ocean_menu_typo_font_weight_mobile":"","ocean_menu_typo_transform":"","ocean_menu_typo_transform_tablet":"","ocean_menu_typo_transform_mobile":"","ocean_menu_typo_line_height":0,"ocean_menu_typo_line_height_tablet":0,"ocean_menu_typo_line_height_mobile":0,"ocean_menu_typo_line_height_unit":"","ocean_menu_typo_spacing":0,"ocean_menu_typo_spacing_tablet":0,"ocean_menu_typo_spacing_mobile":0,"ocean_menu_typo_spacing_unit":"","ocean_menu_link_color":"","ocean_menu_link_color_hover":"","ocean_menu_link_color_active":"","ocean_menu_link_background":"","ocean_menu_link_hover_background":"","ocean_menu_link_active_background":"","ocean_menu_social_links_bg":"","ocean_menu_social_hover_links_bg":"","ocean_menu_social_links_color":"","ocean_menu_social_hover_links_color":"","ocean_disable_title":"default","ocean_disable_heading":"default","ocean_post_title":"","ocean_post_subheading":"","ocean_post_title_style":"","ocean_post_title_background_color":"","ocean_post_title_background":0,"ocean_post_title_bg_image_position":"","ocean_post_title_bg_image_attachment":"","ocean_post_title_bg_image_repeat":"","ocean_post_title_bg_image_size":"","ocean_post_title_height":0,"ocean_post_title_bg_overlay":0.5,"ocean_post_title_bg_overlay_color":"","ocean_disable_breadcrumbs":"default","ocean_breadcrumbs_color":"","ocean_breadcrumbs_separator_color":"","ocean_breadcrumbs_links_color":"","ocean_breadcrumbs_links_hover_color":"","ocean_display_footer_widgets":"default","ocean_display_footer_bottom":"default","ocean_custom_footer_template":"","omw_enable_modal_window":"enable","footnotes":""},"class_list":["post-703","page","type-page","status-publish","hentry","entry"],"_links":{"self":[{"href":"https:\/\/boccalattetarantola.com\/index.php\/wp-json\/wp\/v2\/pages\/703","targetHints":{"allow":["GET"]}}],"collection":[{"href":"https:\/\/boccalattetarantola.com\/index.php\/wp-json\/wp\/v2\/pages"}],"about":[{"href":"https:\/\/boccalattetarantola.com\/index.php\/wp-json\/wp\/v2\/types\/page"}],"author":[{"embeddable":true,"href":"https:\/\/boccalattetarantola.com\/index.php\/wp-json\/wp\/v2\/users\/1"}],"replies":[{"embeddable":true,"href":"https:\/\/boccalattetarantola.com\/index.php\/wp-json\/wp\/v2\/comments?post=703"}],"version-history":[{"count":18,"href":"https:\/\/boccalattetarantola.com\/index.php\/wp-json\/wp\/v2\/pages\/703\/revisions"}],"predecessor-version":[{"id":1004,"href":"https:\/\/boccalattetarantola.com\/index.php\/wp-json\/wp\/v2\/pages\/703\/revisions\/1004"}],"wp:attachment":[{"href":"https:\/\/boccalattetarantola.com\/index.php\/wp-json\/wp\/v2\/media?parent=703"}],"curies":[{"name":"wp","href":"https:\/\/api.w.org\/{rel}","templated":true}]}}